100111001100111?
-10100111001101010
In base 6, what is -1 + -1521411?
-1521412
In base 4, what is 3002302300 + -1?
3002302233
In base 16, what is 2 - -fdd4d?
fdd4f
In base 6, what is 4 - 1204304?
-1204300
In base 6, what is 1000403 - -1?
1000404
In base 10, what is -640 + 254?
-386
In base 16, what is -16 + -1165?
-117b
In base 11, what is 496 - -6?
4a1
In base 6, what is 0 + 151200?
151200
In base 9, what is 173 + 2044?
2227
In base 11, what is a2a35 - -3?
a2a38
In base 14, what is 327 + c?
335
In base 14, what is 566a + -4?
5666
In base 14, what is 2 - -19b18?
19b1a
In base 9, what is -118 + 3201?
3072
In base 2, what is -101101110000110 + 0?
-101101110000110
In base 16, what is -5 - -12488f?
12488a
In base 5, what is -40141 - -222?
-34414
In base 8, what is -6 + 56026?
56020
In base 12, what is -48b - -399?
-b2
In base 14, what is -26 - 99?
-c1
In base 3, what is -20022111202 + 1?
-20022111201
In base 16, what is -28afa + -4?
-28afe
In base 4, what is 33031 - 1100?
31331
In base 4, what is 1301021 - -2000?
1303021
In base 7, what is -226064 + -14?
-226111
In base 14, what is 1853 - 14?
183d
In base 6, what is 213002 - -23?
213025
In base 12, what is -11b4b - -4?
-11b47
In base 16, what is 97c + -a8?
8d4
In base 2, what is -11100110011001011110 - 0?
-11100110011001011110
In base 14, what is -2a - -3c4?
398
In base 15, what is -1 + -2a78d?
-2a78e
In base 3, what is -211 - 1122220002?
-1122220220
In base 5, what is -1011 - -22343?
21332
In base 4, what is -30 + 320312?
320222
In base 11, what is 118 + 0?
118
In base 7, what is 222431 + 3?
222434
In base 8, what is 464503 + -5?
464476
In base 3, what is 1102000101 - 10?
1102000021
In base 3, what is 112 + -121202012?
-121201200
In base 8, what is 7153223 - -3?
7153226
In base 9, what is 2102 - 72?
2020
In base 11, what is 853 + -277?
587
In base 15, what is 6 + -4024?
-401d
In base 6, what is 5 - -453114?
453123
In base 6, what is -214541 - -1?
-214540
In base 4, what is 101022 - 10110?
30312
In base 5, what is 1221 - 214?
1002
In base 10, what is -33 + 1092?
1059
In base 12, what is -18b + 2231?
2062
In base 8, what is 2 - -40576?
40600
In base 13, what is -abc - -40?
-a7c
In base 7, what is 11423564 + -3?
11423561
In base 8, what is 17573 + -1?
17572
In base 13, what is 324 - 1b3?
141
In base 12, what is -1b3942 - -2?
-1b3940
In base 9, what is 46 - -5813?
5860
In base 11, what is -32145 + 29?
-32117
In base 8, what is -165 - 2744?
-3131
In base 6, what is 2 + 300113?
300115
In base 13, what is -1030 + c8?
-c35
In base 9, what is 352286 + -4?
352282
In base 11, what is -4 - 1a7241?
-1a7245
In base 15, what is -15049 - -3?
-15046
In base 10, what is 19 + 2524?
2543
In base 15, what is -2a2 + 662?
3b0
In base 10, what is 13 + 1650?
1663
In base 16, what is 2 - -b6?
b8
In base 4, what is -110023223 - -23?
-110023200
In base 10, what is 42703 - -3?
42706
In base 16, what is 0 + 75b51?
75b51
In base 5, what is -202 - -42104?
41402
In base 2, what is 1011110100110 - -101?
1011110101011
In base 10, what is 14523 - 182?
14341
In base 15, what is 1 + -5bdc?
-5bdb
In base 16, what is -8c3 - -16d?
-756
In base 10, what is 4 + 5974?
5978
In base 7, what is 111 - -34466?
34610
In base 2, what is 1110011101 - -1111011100?
11101111001
In base 12, what is -133 + 139a?
1267
In base 15, what is -757 - -10?
-747
In base 16, what is -3 + -1a6a37?
-1a6a3a
In base 15, what is -51422 - 5?
-51427
In base 2, what is 1111011111001011 + 11?
1111011111001110
In base 5, what is -143241330 + -3?
-143241333
In base 4, what is 1002 - -201012?
202020
In base 5, what is -1001202 - -112?
-1001040
In base 4, what is 10 + -232223122?
-232223112
In base 8, what is -206 + 3333?
3125
In base 16, what is 718 + 26c?
984
In base 4, what is -2 + 33103002?
33103000
In base 6, what is 113001 - -5?
113010
In base 4, what is -3102 + 2232?
-210
In base 9, what is -22752 + 11?
-22741
In base 9, what is 0 - 681532?
-681532
In base 15, what is -5cae - -2?
-5cac
In base 8, what is 660205 - -2?
660207
In base 2, what is 1010010010101 - -11?
1010010011000
In base 7, what is 2 + -311312?
-311310
In base 16, what is 2 + -188b?
-1889
In base 2, what is 111111 + -11101010010100000?
-11101010001100001
In base 13, what is 2a - -6c7b?
6ca8
In base 3, what is -1 + -1102012021?
-1102012022
In base 10, what is 83 - 85167?
-85084
In base 10, what is 0 - -1587904?
1587904
In base 13, what is 43 - -3b2?
425
In base 7, what is -5021532 - -11?
-5021521
In base 7, what is 1435 + 104?
1542
In base 6, what is -110104 - 5?
-110113
In base 3, what is 10 + -1000110212112?
-1000110212102
In base 13, what is -573a + 11?
-5729
In base 14, what is -4 + -6310?
-6314
In base 13, what is 4 + -2212a?
-22126
In base 4, what is 232322 - -30302?
323230
In base 8, what is 4 - -120564?
120570
In base 11, what is -22 + 3225?
3203
In base 16, what is -131 - -bb?
-76
In base 8, what is -21 + 37252?
37231
In base 15, what is 5b + 108a?
10e6
In base 4, what is -212321 + -3301?
-222222
In base 8, what is -63445 + -3?
-63450
In base 9, what is -3 + 15261?
15257
In base 15, what is -223 + 69?
-1a9
In base 4, what is -3320320 + -32?
-3321012
In base 10, what is -16 + -3053?
-3069
In base 9, what is -650 - -526?
-123
In base 9, what is -470 + 2308?
1728
In base 13, what is -18 + -c6a1?
-c6b9
In base 3, what is -1021022222 + 10?
-1021022212
In base 2, what is -1001 + 100010101101111?
100010101100110
In base 4, what is 110 + 20011010?
20011120
In base 14, what is -4 - 8d5b9?
-8d5bd
In base 8, what is -4 - -3710?
3704
In base 16, what is -6b - -e28?
dbd
In base 16, what is d78 - -4?
d7c
In base 14, what is -1c17 - -1?
-1c16
In base 9, what is 124 - 1121?
-886
In base 15, what is 92e5a - 0?
92e5a
In base 14, what is a44 + -139?
909
In base 11, what is -930410 - -2?
-930409
In base 6, what is 0 + -103141?
-103141
In base 8, what is 425 - -4?
431
In base 4, what is 32 + 12313303?
12320001
In base 11, what is -4 - -7550?
7547
In base 16, what is -6a03b + 3?
-6a038
In base 8, what is 3 - 430037?
-430034
In base 2, what is -1001001 - 10111011010?
-11000100011
In base 3, what is -12 + 1210002012?
1210002000
In base 13, what is -4 - 1b4b?
-1b52
In base 5, what is 21 - -210413?
210434
In base 7, what is 1 - 10?
-6
In base 7, what is -31 + -2221365?
-2221426
In base 2, what is 10111100001 - -1101111?
11001010000
In base 7, what is 4322035 + -1?
4322034
In base 10, what is -1070 + 129?
-941
In base 2, what is -110000100 + 111101?
-101000111
In base 3, what is 0 - -11122220102?
11122220102
In base 12, what is 136b6 - -4?
136ba
In base 5, what is -1004211 - -40?
-1004121
In base 7, what is 42205 + 26?
42234
In base 14, what is -29 - -71b3?
7188
In base 8, what is -3 + 135143?
135140
In base 3, what is -100 + 112111020?
112110220
In base 16, what is -fdb1 - 2?
-fdb3
In base 5, what is 3 - -214120?
214123
In base 13, what is bb - 181?
-93
In base 15, what is -28 - 34d?
-376
In base 11, what is 602a6 - -39?
60334
In base 16, what is 5 - -30f?
314
In base 9, what is -1 + -26757?
-26758
In base 3, what is 1212220 + -1?
1212212
In base 4, what is -10 - 3113103230?
-3113103300
In base 3, what is -12122020 + -200?
-12122220
In base 7, what is -16565353 + -5?
-16565361
In base 11, what is -268 - 4405?
-4672
In base 2, what is -10111110010101 - 1000?
-10111110011101
In base 6, what is -44 + 12424?
12340
In base 6, what is 241 + 22?
303
In base 9, what is 521564 + -3?
521561
In base 9, what is -2442157 + 5?
-2442152
In base 10, what is -314 + -967?
-1281
In base 7, what is 3161402 - 5?
3161364
In base 6, what is -25 + -22031?
-22100
In base 11, what is -2 - -5038?
5036
In base 8, what is 132463 - -15?
132500
In base 2, what is 1101011 + 10000010010?
10001111101
In base 3, what is 121112020002 + 2?
121112020011
In base 6, what is -250431 + -3?
-250434
In base 9, what is -1816 - 12?
-1828
In base 7, what is 602501 + 5?
602506
In base 8, what is -621106 - -5?
-621101
In base 6, what is -405 + -105?
-514
In base 16, what is -1 + a389?
a388
In base 5, what is 11 + 14001432?
14001443
In base 10, what is -200112 + 5?
-200107
In base 4, what is -332133 - -1133?
-331000
In base 8, what is -4 - 171211?
-171215
In base 5, what is -34 + -100424?
-101013
In base 4, what is -10010232 + 20?
-10010212
In base 4, what is -100 +